{"id":994,"date":"2017-04-07T15:34:29","date_gmt":"2017-04-07T13:34:29","guid":{"rendered":"https:\/\/velo-utile.fr\/site\/?page_id=994"},"modified":"2025-12-11T23:28:55","modified_gmt":"2025-12-11T22:28:55","slug":"nos-actions","status":"publish","type":"page","link":"https:\/\/velo-utile.fr\/site\/bienvenue-velo-utile\/nos-actions\/","title":{"rendered":"Nos actions"},"content":{"rendered":"<h2>V\u00e9lo Utile en r\u00e9sum\u00e9<\/h2>\n<ul>\n<li>Beaucoup de milliers d&rsquo;heures de b\u00e9n\u00e9volat<\/li>\n<li>Un atelier d\u2019auto-r\u00e9paration<\/li>\n<li>La participation \u00e0 une vingtaine d\u2019animation ou d\u2019\u00e9v\u00e9nement dans l\u2019ann\u00e9e<\/li>\n<li>Un temps fort annuel d\u2019une semaine pour le Challenge des mobilit\u00e9s Saint-Brieuc C\u00f4tes d&rsquo;Armor<\/li>\n<li>Un temps fort bisannuel, le festival Osez Partir \u00e0 V\u00e9lo<\/li>\n<li>Une V\u00e9lo \u00e9cole pour apprendre \u00e0 faire du v\u00e9lo ou se remettre en selle<\/li>\n<li>Une gouvernance collective<\/li>\n<li>Un regard et des propositions sur les am\u00e9nagements urbains favorisant la place du v\u00e9lo.<\/li>\n<\/ul>\n<p><a href=\"https:\/\/velo-utile.paheko.cloud\/s\/h25f37p5e9s0\" target=\"_blank\" rel=\"noopener\">T\u00e9l\u00e9chargez le bilan d&rsquo;activit\u00e9s 2024<\/a><\/p>\n<p>Consultez les statuts de l&rsquo;association -&gt; <a href=\"https:\/\/velo-utile.fr\/site\/wp-content\/uploads\/2024\/01\/STATUTSVU-AGE-17_11_23.pdf\">Statuts, mise \u00e0 jour novembre 2023<\/a><\/p>\n<p>&nbsp;<\/p>\n","protected":false},"excerpt":{"rendered":"<p>V\u00e9lo Utile en r\u00e9sum\u00e9 Beaucoup de milliers d&rsquo;heures de b\u00e9n\u00e9volat Un atelier d\u2019auto-r\u00e9paration La participation \u00e0 une vingtaine d\u2019animation ou d\u2019\u00e9v\u00e9nement dans l\u2019ann\u00e9e Un temps fort annuel d\u2019une semaine pour le Challenge des mobilit\u00e9s Saint-Brieuc C\u00f4tes d&rsquo;Armor Un temps fort<\/p>\n","protected":false},"author":1,"featured_media":0,"parent":644,"menu_order":0,"comment_status":"closed","ping_status":"closed","template":"","meta":{"footnotes":""},"class_list":["post-994","page","type-page","status-publish","hentry"],"_links":{"self":[{"href":"https:\/\/velo-utile.fr\/site\/wp-json\/wp\/v2\/pages\/994","targetHints":{"allow":["GET"]}}],"collection":[{"href":"https:\/\/velo-utile.fr\/site\/wp-json\/wp\/v2\/pages"}],"about":[{"href":"https:\/\/velo-utile.fr\/site\/wp-json\/wp\/v2\/types\/page"}],"author":[{"embeddable":true,"href":"https:\/\/velo-utile.fr\/site\/wp-json\/wp\/v2\/users\/1"}],"replies":[{"embeddable":true,"href":"https:\/\/velo-utile.fr\/site\/wp-json\/wp\/v2\/comments?post=994"}],"version-history":[{"count":8,"href":"https:\/\/velo-utile.fr\/site\/wp-json\/wp\/v2\/pages\/994\/revisions"}],"predecessor-version":[{"id":5906,"href":"https:\/\/velo-utile.fr\/site\/wp-json\/wp\/v2\/pages\/994\/revisions\/5906"}],"up":[{"embeddable":true,"href":"https:\/\/velo-utile.fr\/site\/wp-json\/wp\/v2\/pages\/644"}],"wp:attachment":[{"href":"https:\/\/velo-utile.fr\/site\/wp-json\/wp\/v2\/media?parent=994"}],"curies":[{"name":"wp","href":"https:\/\/api.w.org\/{rel}","templated":true}]}}

<h2>Vélo Utile en résumé</h2>
<ul>
<li>Beaucoup de milliers d&rsquo;heures de bénévolat</li>
<li>Un atelier d’auto-réparation</li>
<li>La participation à une vingtaine d’animation ou d’événement dans l’année</li>
<li>Un temps fort annuel d’une semaine pour le Challenge des mobilités Saint-Brieuc Côtes d&rsquo;Armor</li>
<li>Un temps fort bisannuel, le festival Osez Partir à Vélo</li>
<li>Une Vélo école pour apprendre à faire du vélo ou se remettre en selle</li>
<li>Une gouvernance collective</li>
<li>Un regard et des propositions sur les aménagements urbains favorisant la place du vélo.</li>
</ul>
<p><a href="https://velo-utile.paheko.cloud/s/h25f37p5e9s0" target="_blank" rel="noopener">Téléchargez le bilan d&rsquo;activités 2024</a></p>
<p>Consultez les statuts de l&rsquo;association -&gt; <a href="https://velo-utile.fr/site/wp-content/uploads/2024/01/STATUTSVU-AGE-17_11_23.pdf">Statuts, mise à jour novembre 2023</a></p>
<p>&nbsp;</p>

<p>Vélo Utile en résumé Beaucoup de milliers d&rsquo;heures de bénévolat Un atelier d’auto-réparation La participation à une vingtaine d’animation ou d’événement dans l’année Un temps fort annuel d’une semaine pour le Challenge des mobilités Saint-Brieuc Côtes d&rsquo;Armor Un temps fort</p>
