{"id":608,"date":"2017-03-29T11:01:27","date_gmt":"2017-03-29T09:01:27","guid":{"rendered":"http:\/\/velo-utile.fr\/blog02\/?page_id=608"},"modified":"2018-05-28T15:59:56","modified_gmt":"2018-05-28T13:59:56","slug":"agenda-2","status":"publish","type":"page","link":"https:\/\/velo-utile.fr\/site\/agenda-2\/","title":{"rendered":"Nous (re)trouver &#8211; l&rsquo;agenda"},"content":{"rendered":"<h2>L&rsquo;agenda de V\u00e9lo Utile<\/h2>\n<p>Venez nous retrouver lors d&rsquo;une ouverture de l&rsquo;Atelier ou d&rsquo;un \u00e9v\u00e9nement organis\u00e9 par V\u00e9lo Utile ou &#8230;<\/p>\n<p><iframe loading=\"lazy\" style=\"border-width: 0;\" src=\"https:\/\/calendar.google.com\/calendar\/embed?mode=AGENDA&amp;height=600&amp;wkst=2&amp;bgcolor=%23EBF4E3&amp;src=agendavu%40gmail.com&amp;color=%230FBE7C&amp;ctz=Europe%2FParis\" width=\"760\" height=\"600\" frameborder=\"0\" scrolling=\"no\"><\/iframe><\/p>\n","protected":false},"excerpt":{"rendered":"<p>L&rsquo;agenda de V\u00e9lo Utile Venez nous retrouver lors d&rsquo;une ouverture de l&rsquo;Atelier ou d&rsquo;un \u00e9v\u00e9nement organis\u00e9 par V\u00e9lo Utile ou &#8230;<\/p>\n","protected":false},"author":1,"featured_media":1158,"parent":0,"menu_order":5,"comment_status":"closed","ping_status":"closed","template":"","meta":{"footnotes":""},"class_list":["post-608","page","type-page","status-publish","has-post-thumbnail","hentry"],"_links":{"self":[{"href":"https:\/\/velo-utile.fr\/site\/wp-json\/wp\/v2\/pages\/608","targetHints":{"allow":["GET"]}}],"collection":[{"href":"https:\/\/velo-utile.fr\/site\/wp-json\/wp\/v2\/pages"}],"about":[{"href":"https:\/\/velo-utile.fr\/site\/wp-json\/wp\/v2\/types\/page"}],"author":[{"embeddable":true,"href":"https:\/\/velo-utile.fr\/site\/wp-json\/wp\/v2\/users\/1"}],"replies":[{"embeddable":true,"href":"https:\/\/velo-utile.fr\/site\/wp-json\/wp\/v2\/comments?post=608"}],"version-history":[{"count":14,"href":"https:\/\/velo-utile.fr\/site\/wp-json\/wp\/v2\/pages\/608\/revisions"}],"predecessor-version":[{"id":1157,"href":"https:\/\/velo-utile.fr\/site\/wp-json\/wp\/v2\/pages\/608\/revisions\/1157"}],"wp:featuredmedia":[{"embeddable":true,"href":"https:\/\/velo-utile.fr\/site\/wp-json\/wp\/v2\/media\/1158"}],"wp:attachment":[{"href":"https:\/\/velo-utile.fr\/site\/wp-json\/wp\/v2\/media?parent=608"}],"curies":[{"name":"wp","href":"https:\/\/api.w.org\/{rel}","templated":true}]}}

<h2>L&rsquo;agenda de Vélo Utile</h2>
<p>Venez nous retrouver lors d&rsquo;une ouverture de l&rsquo;Atelier ou d&rsquo;un événement organisé par Vélo Utile ou &#8230;</p>
<p><iframe loading="lazy" style="border-width: 0;" src="https://calendar.google.com/calendar/embed?mode=AGENDA&amp;height=600&amp;wkst=2&amp;bgcolor=%23EBF4E3&amp;src=agendavu%40gmail.com&amp;color=%230FBE7C&amp;ctz=Europe%2FParis" width="760" height="600" frameborder="0" scrolling="no"></iframe></p>

<p>L&rsquo;agenda de Vélo Utile Venez nous retrouver lors d&rsquo;une ouverture de l&rsquo;Atelier ou d&rsquo;un événement organisé par Vélo Utile ou &#8230;</p>
