{"id":5977,"date":"2025-12-14T18:55:05","date_gmt":"2025-12-14T17:55:05","guid":{"rendered":"https:\/\/velo-utile.fr\/site\/?page_id=5977"},"modified":"2025-12-14T18:58:11","modified_gmt":"2025-12-14T17:58:11","slug":"manifeste-pour-une-agglomeration-cyclable","status":"publish","type":"page","link":"https:\/\/velo-utile.fr\/site\/manifeste-pour-une-agglomeration-cyclable\/","title":{"rendered":"Manifeste pour une agglom\u00e9ration cyclable"},"content":{"rendered":"\n<p><strong>V\u00e9lo Utile, association \u0153uvrant pour le d\u00e9veloppement et la promotion des d\u00e9placements \u00e0 v\u00e9lo sur le territoire de l\u2019agglom\u00e9ration briochine, prend part \u00e0 la campagne des municipales de 2026 pour une vraie politique cyclable.<\/strong><br>\u2022 Face aux grands enjeux plan\u00e9taires nous alertant de l\u2019extr\u00eame gravit\u00e9 du r\u00e9chauffement climatique et qui nous appellent \u00e0 se d\u00e9placer diff\u00e9remment;<br>\u2022 Face \u00e0 la crise sociale actuelle qui a r\u00e9v\u00e9l\u00e9 que 80 % des m\u00e9nages n&rsquo;ont pas d&rsquo;autre choix que la voiture pour se d\u00e9placer au quotidien,<br>\u2022 \u00c0 l&rsquo;heure o\u00f9 la Loi d\u2019Orientation des Mobilit\u00e9s (LOM) du 19 novembre 2019 reconna\u00eet le v\u00e9lo comme mode de transport \u00e0 part enti\u00e8re et vise notamment \u00e0 APPORTER \u00c0 TOUS ET PARTOUT DES SOLUTIONS ALTERNATIVES \u00e0 la d\u00e9pendance \u00e0 l\u2019usage individuel de la voiture,<br>\u2022 \u00c0 l&rsquo;heure o\u00f9 60% des Fran\u00e7aises et des Fran\u00e7ais d\u00e9clarent \u00eatre pr\u00eats \u00e0 p\u00e9daler au quotidien mais uniquement \u00e0 condition de disposer d\u2019un v\u00e9ritable \u00ab\u00a0syst\u00e8me v\u00e9lo\u00a0\u00bb,<br>V\u00e9lo Utile interpelle les candidats aux \u00e9lections municipales en proposant un ensemble de mesures qui favoriseraient efficacement et durablement les d\u00e9placements quotidiens \u00e0 v\u00e9lo.<br>Nous d\u00e9fendons l\u2019id\u00e9e d\u2019une agglom\u00e9ration \u00e0 v\u00e9lo, active et dynamique et \u00e9galement pi\u00e9tonne et intermodale, une agglom\u00e9ration innovante et r\u00e9f\u00e9rente en mati\u00e8re de mobilit\u00e9.<br><strong>Choisir le v\u00e9lo, c&rsquo;est faire des villes de l&rsquo;agglom\u00e9ration briochine des cit\u00e9s r\u00e9silientes et accueillantes.<\/strong><br>Nous demandons ainsi aux candidates et candidats de s&rsquo;engager pour r\u00e9pondre aux enjeux majeurs de notre \u00e9poque en mati\u00e8re environnementale, sanitaire et sociale auxquels la mobilit\u00e9 apporte une r\u00e9ponse rapide, \u00e0 travers des mesures claires et ambitieuses.<\/p>\n\n\n\n<div data-wp-interactive=\"core\/file\" class=\"wp-block-file\"><object data-wp-bind--hidden=\"!state.hasPdfPreview\" hidden class=\"wp-block-file__embed\" data=\"https:\/\/velo-utile.fr\/site\/wp-content\/uploads\/2020\/02\/Manifeste-pour-une-ville-cyclable-V\u00e9lo-Utile.pdf\" type=\"application\/pdf\" style=\"width:100%;height:600px\" aria-label=\"Contenu embarqu\u00e9 Manifeste pour une ville cyclable-V\u00e9lo Utile.\"><\/object><a id=\"wp-block-file--media-97b79a3e-308a-4835-b867-16c6d0dfe11a\" href=\"https:\/\/velo-utile.fr\/site\/wp-content\/uploads\/2020\/02\/Manifeste-pour-une-ville-cyclable-V\u00e9lo-Utile.pdf\">Manifeste pour une ville cyclable-V\u00e9lo Utile<\/a><a href=\"https:\/\/velo-utile.fr\/site\/wp-content\/uploads\/2020\/02\/Manifeste-pour-une-ville-cyclable-V\u00e9lo-Utile.pdf\" class=\"wp-block-file__button wp-element-button\" download aria-describedby=\"wp-block-file--media-97b79a3e-308a-4835-b867-16c6d0dfe11a\">T\u00e9l\u00e9charger<\/a><\/div>\n","protected":false},"excerpt":{"rendered":"<p>V\u00e9lo Utile, association \u0153uvrant pour le d\u00e9veloppement et la promotion des d\u00e9placements \u00e0 v\u00e9lo sur le territoire de l\u2019agglom\u00e9ration briochine, prend part \u00e0 la campagne des municipales de 2026 pour une vraie politique cyclable.\u2022 Face aux grands enjeux plan\u00e9taires nous<\/p>\n","protected":false},"author":20,"featured_media":0,"parent":0,"menu_order":0,"comment_status":"closed","ping_status":"closed","template":"","meta":{"footnotes":""},"class_list":["post-5977","page","type-page","status-publish","hentry"],"_links":{"self":[{"href":"https:\/\/velo-utile.fr\/site\/wp-json\/wp\/v2\/pages\/5977","targetHints":{"allow":["GET"]}}],"collection":[{"href":"https:\/\/velo-utile.fr\/site\/wp-json\/wp\/v2\/pages"}],"about":[{"href":"https:\/\/velo-utile.fr\/site\/wp-json\/wp\/v2\/types\/page"}],"author":[{"embeddable":true,"href":"https:\/\/velo-utile.fr\/site\/wp-json\/wp\/v2\/users\/20"}],"replies":[{"embeddable":true,"href":"https:\/\/velo-utile.fr\/site\/wp-json\/wp\/v2\/comments?post=5977"}],"version-history":[{"count":2,"href":"https:\/\/velo-utile.fr\/site\/wp-json\/wp\/v2\/pages\/5977\/revisions"}],"predecessor-version":[{"id":5981,"href":"https:\/\/velo-utile.fr\/site\/wp-json\/wp\/v2\/pages\/5977\/revisions\/5981"}],"wp:attachment":[{"href":"https:\/\/velo-utile.fr\/site\/wp-json\/wp\/v2\/media?parent=5977"}],"curies":[{"name":"wp","href":"https:\/\/api.w.org\/{rel}","templated":true}]}}