{"id":4446,"date":"2024-04-17T13:05:12","date_gmt":"2024-04-17T11:05:12","guid":{"rendered":"https:\/\/velo-utile.fr\/site\/wp-content\/uploads\/2024\/04\/yves.jpg"},"modified":"2024-04-17T13:15:39","modified_gmt":"2024-04-17T11:15:39","slug":"yves","status":"inherit","type":"attachment","link":"https:\/\/velo-utile.fr\/site\/yves\/","title":{"rendered":"yves"},"author":14,"featured_media":0,"comment_status":"closed","ping_status":"closed","template":"","meta":[],"class_list":["post-4446","attachment","type-attachment","status-inherit","hentry"],"description":{"rendered":"<p class=\"attachment\"><a href='https:\/\/velo-utile.fr\/site\/wp-content\/uploads\/2024\/04\/yves.jpg'><img loading=\"lazy\" decoding=\"async\" width=\"300\" height=\"300\" src=\"https:\/\/velo-utile.fr\/site\/wp-content\/uploads\/2024\/04\/yves-300x300.jpg\" class=\"attachment-medium size-medium\" alt=\"\" srcset=\"https:\/\/velo-utile.fr\/site\/wp-content\/uploads\/2024\/04\/yves-300x300.jpg 300w, https:\/\/velo-utile.fr\/site\/wp-content\/uploads\/2024\/04\/yves-1024x1024.jpg 1024w, https:\/\/velo-utile.fr\/site\/wp-content\/uploads\/2024\/04\/yves-150x150.jpg 150w, https:\/\/velo-utile.fr\/site\/wp-content\/uploads\/2024\/04\/yves-768x768.jpg 768w, https:\/\/velo-utile.fr\/site\/wp-content\/uploads\/2024\/04\/yves-270x270.jpg 270w, https:\/\/velo-utile.fr\/site\/wp-content\/uploads\/2024\/04\/yves-230x230.jpg 230w, https:\/\/velo-utile.fr\/site\/wp-content\/uploads\/2024\/04\/yves-600x600.jpg 600w, https:\/\/velo-utile.fr\/site\/wp-content\/uploads\/2024\/04\/yves-100x100.jpg 100w, https:\/\/velo-utile.fr\/site\/wp-content\/uploads\/2024\/04\/yves.jpg 1080w\" sizes=\"auto, (max-width: 300px) 100vw, 300px\" \/><\/a><\/p>\n"},"caption":{"rendered":"<p>dixi\u00e8me \u00e9pisode, Yves, de ing\u00e9nieur \u00e0 coursier v\u00e9lo \u00e0 Saint-Brieuc<\/p>\n"},"alt_text":"","media_type":"image","mime_type":"image\/jpeg","media_details":{"width":1080,"height":1080,"file":"2024\/04\/yves.jpg","sizes":{"medium":{"file":"yves-300x300.jpg","width":300,"height":300,"mime_type":"image\/jpeg","source_url":"https:\/\/velo-utile.fr\/site\/wp-content\/uploads\/2024\/04\/yves-300x300.jpg"},"large":{"file":"yves-1024x1024.jpg","width":1024,"height":1024,"mime_type":"image\/jpeg","source_url":"https:\/\/velo-utile.fr\/site\/wp-content\/uploads\/2024\/04\/yves-1024x1024.jpg"},"thumbnail":{"file":"yves-150x150.jpg","width":150,"height":150,"mime_type":"image\/jpeg","source_url":"https:\/\/velo-utile.fr\/site\/wp-content\/uploads\/2024\/04\/yves-150x150.jpg"},"medium_large":{"file":"yves-768x768.jpg","width":768,"height":768,"mime_type":"image\/jpeg","source_url":"https:\/\/velo-utile.fr\/site\/wp-content\/uploads\/2024\/04\/yves-768x768.jpg"},"featured-blog-large":{"file":"yves-750x350.jpg","width":750,"height":350,"mime_type":"image\/jpeg","source_url":"https:\/\/velo-utile.fr\/site\/wp-content\/uploads\/2024\/04\/yves-750x350.jpg"},"featured-blog-medium":{"file":"yves-270x270.jpg","width":270,"height":270,"mime_type":"image\/jpeg","source_url":"https:\/\/velo-utile.fr\/site\/wp-content\/uploads\/2024\/04\/yves-270x270.jpg"},"featured":{"file":"yves-642x300.jpg","width":642,"height":300,"mime_type":"image\/jpeg","source_url":"https:\/\/velo-utile.fr\/site\/wp-content\/uploads\/2024\/04\/yves-642x300.jpg"},"featured-blog-medium-small":{"file":"yves-230x230.jpg","width":230,"height":230,"mime_type":"image\/jpeg","source_url":"https:\/\/velo-utile.fr\/site\/wp-content\/uploads\/2024\/04\/yves-230x230.jpg"},"woocommerce_thumbnail":{"file":"yves-300x300.jpg","width":300,"height":300,"uncropped":false,"mime_type":"image\/jpeg","source_url":"https:\/\/velo-utile.fr\/site\/wp-content\/uploads\/2024\/04\/yves-300x300.jpg"},"woocommerce_single":{"file":"yves-600x600.jpg","width":600,"height":600,"mime_type":"image\/jpeg","source_url":"https:\/\/velo-utile.fr\/site\/wp-content\/uploads\/2024\/04\/yves-600x600.jpg"},"woocommerce_gallery_thumbnail":{"file":"yves-100x100.jpg","width":100,"height":100,"mime_type":"image\/jpeg","source_url":"https:\/\/velo-utile.fr\/site\/wp-content\/uploads\/2024\/04\/yves-100x100.jpg"},"full":{"file":"yves.jpg","width":1080,"height":1080,"mime_type":"image\/jpeg","source_url":"https:\/\/velo-utile.fr\/site\/wp-content\/uploads\/2024\/04\/yves.jpg"}},"image_meta":{"aperture":"0","credit":"","camera":"","caption":"","created_timestamp":"0","copyright":"","focal_length":"0","iso":"0","shutter_speed":"0","title":"","orientation":"0","keywords":[]}},"post":null,"source_url":"https:\/\/velo-utile.fr\/site\/wp-content\/uploads\/2024\/04\/yves.jpg","_links":{"self":[{"href":"https:\/\/velo-utile.fr\/site\/wp-json\/wp\/v2\/media\/4446","targetHints":{"allow":["GET"]}}],"collection":[{"href":"https:\/\/velo-utile.fr\/site\/wp-json\/wp\/v2\/media"}],"about":[{"href":"https:\/\/velo-utile.fr\/site\/wp-json\/wp\/v2\/types\/attachment"}],"author":[{"embeddable":true,"href":"https:\/\/velo-utile.fr\/site\/wp-json\/wp\/v2\/users\/14"}],"replies":[{"embeddable":true,"href":"https:\/\/velo-utile.fr\/site\/wp-json\/wp\/v2\/comments?post=4446"}]}}

<p>dixième épisode, Yves, de ingénieur à coursier vélo à Saint-Brieuc</p>
