{"id":4444,"date":"2024-04-17T13:05:00","date_gmt":"2024-04-17T11:05:00","guid":{"rendered":"https:\/\/velo-utile.fr\/site\/wp-content\/uploads\/2024\/04\/remi.jpg"},"modified":"2024-04-17T14:14:11","modified_gmt":"2024-04-17T12:14:11","slug":"remi","status":"inherit","type":"attachment","link":"https:\/\/velo-utile.fr\/site\/remi\/","title":{"rendered":"remi"},"author":14,"featured_media":0,"comment_status":"closed","ping_status":"closed","template":"","meta":[],"class_list":["post-4444","attachment","type-attachment","status-inherit","hentry"],"description":{"rendered":"<p class=\"attachment\"><a href='https:\/\/velo-utile.fr\/site\/wp-content\/uploads\/2024\/04\/remi.jpg'><img loading=\"lazy\" decoding=\"async\" width=\"169\" height=\"300\" src=\"https:\/\/velo-utile.fr\/site\/wp-content\/uploads\/2024\/04\/remi-169x300.jpg\" class=\"attachment-medium size-medium\" alt=\"\" srcset=\"https:\/\/velo-utile.fr\/site\/wp-content\/uploads\/2024\/04\/remi-169x300.jpg 169w, https:\/\/velo-utile.fr\/site\/wp-content\/uploads\/2024\/04\/remi-576x1024.jpg 576w, https:\/\/velo-utile.fr\/site\/wp-content\/uploads\/2024\/04\/remi-768x1365.jpg 768w, https:\/\/velo-utile.fr\/site\/wp-content\/uploads\/2024\/04\/remi-864x1536.jpg 864w, https:\/\/velo-utile.fr\/site\/wp-content\/uploads\/2024\/04\/remi-600x1067.jpg 600w, https:\/\/velo-utile.fr\/site\/wp-content\/uploads\/2024\/04\/remi.jpg 918w\" sizes=\"auto, (max-width: 169px) 100vw, 169px\" \/><\/a><\/p>\n"},"caption":{"rendered":"<p>premier \u00e9pisode,  R\u00e9mi  v\u00e9lotafeur briochin de la tour d\u2019Armor<\/p>\n"},"alt_text":"","media_type":"image","mime_type":"image\/jpeg","media_details":{"width":918,"height":1632,"file":"2024\/04\/remi.jpg","sizes":{"medium":{"file":"remi-169x300.jpg","width":169,"height":300,"mime_type":"image\/jpeg","source_url":"https:\/\/velo-utile.fr\/site\/wp-content\/uploads\/2024\/04\/remi-169x300.jpg"},"large":{"file":"remi-576x1024.jpg","width":576,"height":1024,"mime_type":"image\/jpeg","source_url":"https:\/\/velo-utile.fr\/site\/wp-content\/uploads\/2024\/04\/remi-576x1024.jpg"},"thumbnail":{"file":"remi-150x150.jpg","width":150,"height":150,"mime_type":"image\/jpeg","source_url":"https:\/\/velo-utile.fr\/site\/wp-content\/uploads\/2024\/04\/remi-150x150.jpg"},"medium_large":{"file":"remi-768x1365.jpg","width":768,"height":1365,"mime_type":"image\/jpeg","source_url":"https:\/\/velo-utile.fr\/site\/wp-content\/uploads\/2024\/04\/remi-768x1365.jpg"},"1536x1536":{"file":"remi-864x1536.jpg","width":864,"height":1536,"mime_type":"image\/jpeg","source_url":"https:\/\/velo-utile.fr\/site\/wp-content\/uploads\/2024\/04\/remi-864x1536.jpg"},"featured-blog-large":{"file":"remi-750x350.jpg","width":750,"height":350,"mime_type":"image\/jpeg","source_url":"https:\/\/velo-utile.fr\/site\/wp-content\/uploads\/2024\/04\/remi-750x350.jpg"},"featured-blog-medium":{"file":"remi-270x270.jpg","width":270,"height":270,"mime_type":"image\/jpeg","source_url":"https:\/\/velo-utile.fr\/site\/wp-content\/uploads\/2024\/04\/remi-270x270.jpg"},"featured":{"file":"remi-642x300.jpg","width":642,"height":300,"mime_type":"image\/jpeg","source_url":"https:\/\/velo-utile.fr\/site\/wp-content\/uploads\/2024\/04\/remi-642x300.jpg"},"featured-blog-medium-small":{"file":"remi-230x230.jpg","width":230,"height":230,"mime_type":"image\/jpeg","source_url":"https:\/\/velo-utile.fr\/site\/wp-content\/uploads\/2024\/04\/remi-230x230.jpg"},"woocommerce_thumbnail":{"file":"remi-300x300.jpg","width":300,"height":300,"uncropped":false,"mime_type":"image\/jpeg","source_url":"https:\/\/velo-utile.fr\/site\/wp-content\/uploads\/2024\/04\/remi-300x300.jpg"},"woocommerce_single":{"file":"remi-600x1067.jpg","width":600,"height":1067,"mime_type":"image\/jpeg","source_url":"https:\/\/velo-utile.fr\/site\/wp-content\/uploads\/2024\/04\/remi-600x1067.jpg"},"woocommerce_gallery_thumbnail":{"file":"remi-100x100.jpg","width":100,"height":100,"mime_type":"image\/jpeg","source_url":"https:\/\/velo-utile.fr\/site\/wp-content\/uploads\/2024\/04\/remi-100x100.jpg"},"full":{"file":"remi.jpg","width":918,"height":1632,"mime_type":"image\/jpeg","source_url":"https:\/\/velo-utile.fr\/site\/wp-content\/uploads\/2024\/04\/remi.jpg"}},"image_meta":{"aperture":"0","credit":"","camera":"","caption":"","created_timestamp":"0","copyright":"","focal_length":"0","iso":"0","shutter_speed":"0","title":"","orientation":"0","keywords":[]}},"post":null,"source_url":"https:\/\/velo-utile.fr\/site\/wp-content\/uploads\/2024\/04\/remi.jpg","_links":{"self":[{"href":"https:\/\/velo-utile.fr\/site\/wp-json\/wp\/v2\/media\/4444","targetHints":{"allow":["GET"]}}],"collection":[{"href":"https:\/\/velo-utile.fr\/site\/wp-json\/wp\/v2\/media"}],"about":[{"href":"https:\/\/velo-utile.fr\/site\/wp-json\/wp\/v2\/types\/attachment"}],"author":[{"embeddable":true,"href":"https:\/\/velo-utile.fr\/site\/wp-json\/wp\/v2\/users\/14"}],"replies":[{"embeddable":true,"href":"https:\/\/velo-utile.fr\/site\/wp-json\/wp\/v2\/comments?post=4444"}]}}

<p>premier épisode,  Rémi  vélotafeur briochin de la tour d’Armor</p>
