{"id":4443,"date":"2024-04-17T13:04:57","date_gmt":"2024-04-17T11:04:57","guid":{"rendered":"https:\/\/velo-utile.fr\/site\/wp-content\/uploads\/2024\/04\/Maryem.jpg"},"modified":"2024-04-17T14:00:06","modified_gmt":"2024-04-17T12:00:06","slug":"maryem","status":"inherit","type":"attachment","link":"https:\/\/velo-utile.fr\/site\/maryem\/","title":{"rendered":"Maryem"},"author":14,"featured_media":0,"comment_status":"closed","ping_status":"closed","template":"","meta":[],"class_list":["post-4443","attachment","type-attachment","status-inherit","hentry"],"description":{"rendered":"<p class=\"attachment\"><a href='https:\/\/velo-utile.fr\/site\/wp-content\/uploads\/2024\/04\/Maryem.jpg'><img loading=\"lazy\" decoding=\"async\" width=\"300\" height=\"225\" src=\"https:\/\/velo-utile.fr\/site\/wp-content\/uploads\/2024\/04\/Maryem-300x225.jpg\" class=\"attachment-medium size-medium\" alt=\"\" srcset=\"https:\/\/velo-utile.fr\/site\/wp-content\/uploads\/2024\/04\/Maryem-300x225.jpg 300w, https:\/\/velo-utile.fr\/site\/wp-content\/uploads\/2024\/04\/Maryem-1024x768.jpg 1024w, https:\/\/velo-utile.fr\/site\/wp-content\/uploads\/2024\/04\/Maryem-768x576.jpg 768w, https:\/\/velo-utile.fr\/site\/wp-content\/uploads\/2024\/04\/Maryem-1536x1152.jpg 1536w, https:\/\/velo-utile.fr\/site\/wp-content\/uploads\/2024\/04\/Maryem-600x450.jpg 600w, https:\/\/velo-utile.fr\/site\/wp-content\/uploads\/2024\/04\/Maryem.jpg 2048w\" sizes=\"auto, (max-width: 300px) 100vw, 300px\" \/><\/a><\/p>\n"},"caption":{"rendered":"<p>neuvi\u00e8me \u00e9pisode, Maryem, de la V\u00e9lo \u00c9cole au V\u00e9loTaf <\/p>\n"},"alt_text":"","media_type":"image","mime_type":"image\/jpeg","media_details":{"width":2048,"height":1536,"file":"2024\/04\/Maryem.jpg","sizes":{"medium":{"file":"Maryem-300x225.jpg","width":300,"height":225,"mime_type":"image\/jpeg","source_url":"https:\/\/velo-utile.fr\/site\/wp-content\/uploads\/2024\/04\/Maryem-300x225.jpg"},"large":{"file":"Maryem-1024x768.jpg","width":1024,"height":768,"mime_type":"image\/jpeg","source_url":"https:\/\/velo-utile.fr\/site\/wp-content\/uploads\/2024\/04\/Maryem-1024x768.jpg"},"thumbnail":{"file":"Maryem-150x150.jpg","width":150,"height":150,"mime_type":"image\/jpeg","source_url":"https:\/\/velo-utile.fr\/site\/wp-content\/uploads\/2024\/04\/Maryem-150x150.jpg"},"medium_large":{"file":"Maryem-768x576.jpg","width":768,"height":576,"mime_type":"image\/jpeg","source_url":"https:\/\/velo-utile.fr\/site\/wp-content\/uploads\/2024\/04\/Maryem-768x576.jpg"},"1536x1536":{"file":"Maryem-1536x1152.jpg","width":1536,"height":1152,"mime_type":"image\/jpeg","source_url":"https:\/\/velo-utile.fr\/site\/wp-content\/uploads\/2024\/04\/Maryem-1536x1152.jpg"},"featured-blog-large":{"file":"Maryem-750x350.jpg","width":750,"height":350,"mime_type":"image\/jpeg","source_url":"https:\/\/velo-utile.fr\/site\/wp-content\/uploads\/2024\/04\/Maryem-750x350.jpg"},"featured-blog-medium":{"file":"Maryem-270x270.jpg","width":270,"height":270,"mime_type":"image\/jpeg","source_url":"https:\/\/velo-utile.fr\/site\/wp-content\/uploads\/2024\/04\/Maryem-270x270.jpg"},"featured":{"file":"Maryem-642x300.jpg","width":642,"height":300,"mime_type":"image\/jpeg","source_url":"https:\/\/velo-utile.fr\/site\/wp-content\/uploads\/2024\/04\/Maryem-642x300.jpg"},"featured-blog-medium-small":{"file":"Maryem-230x230.jpg","width":230,"height":230,"mime_type":"image\/jpeg","source_url":"https:\/\/velo-utile.fr\/site\/wp-content\/uploads\/2024\/04\/Maryem-230x230.jpg"},"woocommerce_thumbnail":{"file":"Maryem-300x300.jpg","width":300,"height":300,"uncropped":false,"mime_type":"image\/jpeg","source_url":"https:\/\/velo-utile.fr\/site\/wp-content\/uploads\/2024\/04\/Maryem-300x300.jpg"},"woocommerce_single":{"file":"Maryem-600x450.jpg","width":600,"height":450,"mime_type":"image\/jpeg","source_url":"https:\/\/velo-utile.fr\/site\/wp-content\/uploads\/2024\/04\/Maryem-600x450.jpg"},"woocommerce_gallery_thumbnail":{"file":"Maryem-100x100.jpg","width":100,"height":100,"mime_type":"image\/jpeg","source_url":"https:\/\/velo-utile.fr\/site\/wp-content\/uploads\/2024\/04\/Maryem-100x100.jpg"},"full":{"file":"Maryem.jpg","width":2048,"height":1536,"mime_type":"image\/jpeg","source_url":"https:\/\/velo-utile.fr\/site\/wp-content\/uploads\/2024\/04\/Maryem.jpg"}},"image_meta":{"aperture":"0","credit":"","camera":"","caption":"","created_timestamp":"0","copyright":"","focal_length":"0","iso":"0","shutter_speed":"0","title":"","orientation":"0","keywords":[]}},"post":null,"source_url":"https:\/\/velo-utile.fr\/site\/wp-content\/uploads\/2024\/04\/Maryem.jpg","_links":{"self":[{"href":"https:\/\/velo-utile.fr\/site\/wp-json\/wp\/v2\/media\/4443","targetHints":{"allow":["GET"]}}],"collection":[{"href":"https:\/\/velo-utile.fr\/site\/wp-json\/wp\/v2\/media"}],"about":[{"href":"https:\/\/velo-utile.fr\/site\/wp-json\/wp\/v2\/types\/attachment"}],"author":[{"embeddable":true,"href":"https:\/\/velo-utile.fr\/site\/wp-json\/wp\/v2\/users\/14"}],"replies":[{"embeddable":true,"href":"https:\/\/velo-utile.fr\/site\/wp-json\/wp\/v2\/comments?post=4443"}]}}

<p>neuvième épisode, Maryem, de la Vélo École au VéloTaf </p>
